5*p. List the prime factors of p/(-2 - 21/(-12)).
2
Suppose -294 = 3*f - 1470. What are the prime factors of f?
2, 7
Let j(d) = 90*d**2 - 4*d + 56. What are the prime factors of j(6)?
2, 409
Suppose -5*l - 72 - 8 = 0. Let m be l/72 + 83/9. Suppose -m - 11 = -f. What are the prime factors of f?
2, 5
Suppose -32 = 5*n + 18. Let o(g) = -24*g - 36. List the prime factors of o(n).
2, 3, 17
Let w = 2384 - -1369. What are the prime factors of w?
3, 139
Suppose 6*d = -6854 - 28378. What are the prime factors of d/(-36) - 1/9?
163
Let w = 87 - -4. Suppose -b = 2*g + 4*b + 49, 5*g + 2*b = -w. Let j = g - -60. What are the prime factors of j?
43
Suppose 0 = 5*i + 3*g - 71, i + i + 4*g = 34. Let c = -24 + i. Let m = 15 + c. What are the prime factors of m?
2
Suppose x - 532 = -2*d - 3*x, -5*d = -3*x - 1265. What are the prime factors of d?
2
Suppose 0 = t - 5*v - 1479, 2893 = 2*t - v + 4*v. What are the prime factors of t?
2, 727
Let n(b) = -235*b - 14. What are the prime factors of n(-2)?
2, 3, 19
Let a be (-3 + (-61)/(-2))*2. Let u be (-45)/a - (-4)/(-22). List the prime factors of 245/28 + u/(-4).
3
Let y = 4654 + -2505. What are the prime factors of y?
7, 307
Let k(x) = x**3 + 23*x**2 - 4*x - 25. Let w be k(-23). What are the prime factors of (0 - w/(-1)) + 0/(-10)?
67
Suppose 2*k = 2*p + 688, 9*k - 4*k - 1732 = 2*p. What are the prime factors of k?
2, 3, 29
What are the prime factors of 1148/(-16 - -18) - (1 + 1)?
2, 11, 13
Let z(o) = o**3 + 15*o**2 - 14*o - 48. List the prime factors of z(-15).
2, 3
Let o be 12/(-24) - (-13)/2. Let p be (o/4)/((-1)/4). What are the prime factors of p/(-1) - (-1 + 4)?
3
Let y(d) be the first derivative of d**3/3 - 8*d - 12. What are the prime factors of y(7)?
41
Let w = 81 + -74. List the prime factors of (w - 11) + (-3 - -1 - -212).
2, 103
Suppose -20*b = -26*b + 4380. What are the prime factors of b?
2, 5, 73
Let t(p) = 266*p**2 - p + 1. Suppose 3*m + 0 = 3. What are the prime factors of t(m)?
2, 7, 19
Let b(c) = 89*c - 7. What are the prime factors of b(4)?
349
Let a be (6/(-4))/(((-6)/(-4))/(-3)). Let z(x) = 37*x + 9. List the prime factors of z(a).
2, 3, 5
Suppose 1248 = -61*c + 64*c - 3*u, 5*c = 3*u + 2080. What are the prime factors of c?
2, 13
Suppose 9957 = 2*p + 4163. List the prime factors of p.
2897
Let x(c) = 4*c**3 - 2*c + 1. Suppose 2 = -5*q + 7*q. Let z be x(q). Suppose a = 3*w + w + 25, 0 = -3*a - z*w + 15. List the prime factors of a.
3
Let v(z) = -13*z + 275. List the prime factors of v(20).
3, 5
Let k = 22 + -15. Suppose k*o - 15 = 2*o. Suppose j + 252 = 5*j + 4*n, 0 = 5*j - o*n - 323. List the prime factors of j.
2
Suppose 2*a - 75 = 5*a. Suppose 0*r - 10*r + 20 = 0. Let k = r - a. What are the prime factors of k?
3
Let h(c) = 12*c - 4. Let d be h(-10). What are the prime factors of ((-3)/(-6) - d/(-24))*-42?
2, 7
Let f(u) be the third derivative of u**5/30 + u**4/4 + u**3 - 8*u**2. What are the prime factors of f(-3)?
2, 3
Let w(j) = -218*j - 26. Let h(m) = -73*m - 9. Let i(l) = 10*h(l) - 3*w(l). What are the prime factors of i(-3)?
2, 3
Let k(x) = 65*x**3 - 5*x**2 + 3*x + 4. List the prime factors of k(2).
2, 3, 5, 17
Let z = -2999 + 4315. List the prime factors of z.
2, 7, 47
Let r = 44 + -40. Suppose 3*k + r*k = 329. What are the prime factors of k?
47
What are the prime factors of (-1177)/(-5) + (-4)/10?
5, 47
Let t(o) be the third derivative of -o**6/120 + 7*o**5/30 + o**4/2 + 4*o**3 + 29*o**2. What are the prime factors of t(14)?
2, 3
Let a = 23 + -243. List the prime factors of a/(2 - 4) + 2.
2, 7
Let s be (24/10)/((-15)/50). What are the prime factors of ((-44)/s*-2)/(4/(-28))?
7, 11
What are the prime factors of (-625)/(-15)*(-12)/(-10)?
2, 5
Let u(g) be the first derivative of 3/2*g**2 - 2 - 3*g + 4/3*g**3. What are the prime factors of u(3)?
2, 3, 7
Suppose -4*z = 4*m - 5208, m - 4*z + 77 = 1359. What are the prime factors of m?
2, 11, 59
Suppose -4*g = -2*b + 4*b - 180, 2*b - 2*g - 186 = 0. Let i be (-44)/(2 - (0 - -1)). Let q = b + i. What are the prime factors of q?
2, 3
Suppose 3*p - 9 = -3. Suppose 4*c = p*z - 230, 5*z - c = 3*c + 545. What are the prime factors of z?
3, 5, 7
Suppose -2*v = v + j + 29, 2*v - 2*j + 14 = 0. Let n = 40 - v. What are the prime factors of n?
7
Suppose 3*n - 2453 = -2*o, 8*n - 10*n + 4*o + 1614 = 0. What are the prime factors of n?
5, 163
Suppose -12*b - 158 = -13*b. List the prime factors of b.
2, 79
Let u be 6*(9/2 + -4). Suppose 5*i = -u*a + 2*a + 41, 4*a - 5*i = 39. Suppose -3*y - a = 3*x - 112, 3*y = 2*x - 54. List the prime factors of x.
2, 3, 5
Suppose 0 = -5*x + 3*n + 4470, -4*x = -5*n + n - 3568. List the prime factors of x.
3, 13, 23
Let b(j) = 2*j**2 + 12*j - 5. Let t be b(-6). List the prime factors of (1218/35)/((-2)/t).
3, 29
Suppose -21*j = -22*j - 3. Suppose 4*k - x + 2*x = -2, k + x = -2. Let q = k - j. List the prime factors of q.
3
Let y = 5 - 2. Suppose 0 = -b + 5*s + 250, b - 5*b = -3*s - 932. Suppose p - 70 = -i + y*p, 0 = 4*i + 2*p - b. List the prime factors of i.
2, 3, 5
Let v = 368 + -631. Let w = 415 + v. List the prime factors of w.
2, 19
Let v(n) = 2*n**2 + 14*n + 16. Let x be v(-25). Suppose -8*f - 148 = -x. List the prime factors of f.
2, 3
Suppose -5*b + 78 = -27. What are the prime factors of b?
3, 7
Let h(s) = -s**3 - 9*s**2 - 8*s + 10. Let t be h(-8). Suppose -4*f = -9*f + t. What are the prime factors of f?
2
Let n(t) = 3*t**2 + 2*t + 3. Let h be n(-1). Suppose h*z - 2*c - 2*c - 696 = 0, -4*z = c - 681. List the prime factors of z.
3, 19
What are the prime factors of (-1)/(-15)*527 + 28/(-210)?
5, 7
Suppose -5*v + v + 65 = 5*r, -4*v + 48 = 4*r. Suppose 7*m = -4*m. Suppose r = p - m. What are the prime factors of p?
17
Let g = -1381 + 2439. List the prime factors of g.
2, 23
Suppose 0 = -h + 2, 0 = 2*n + 5*h + 12 - 446. What are the prime factors of n?
2, 53
Suppose 6*f - 3*d = 2*f + 11161, 2*d - 2 = 0. List the prime factors of f.
2791
Let u be -5 - 5/10*-8. Let k(q) = -q**2 - 1. Let w be k(2). Let f = u - w. List the prime factors of f.
2
Let i(p) = -246*p - 30. List the prime factors of i(-7).
2, 3, 47
Let l be 3 + (-8)/20*-5. Suppose -l*b + 22 = -138. What are the prime factors of b?
2
List the prime factors of (-4)/(-18) - (-8 - (-16344)/(-81)).
2, 3, 5, 7
Let g(q) = -q**2 + 7*q + 30. Let f be g(10). Let l be ((-25)/(-10))/(2/4). Suppose -b + 26 = -l*k, 5*k + 57 = 2*b - f*k. List the prime factors of b.
31
Suppose 3*q - 3*u = 543, q + 3*u = 35 + 138. What are the prime factors of q?
179
Suppose -4*z + 1066 = c, -2*z = 17*c - 21*c + 4228. What are the prime factors of c?
2, 23
Let g(y) = -y**3 - y**2 + 4*y + 3. Let x be g(-4). Suppose 0 = 11*m - 7*m + 88. Let w = m + x. List the prime factors of w.
13
Let a be 8/(-3)*9/2. List the prime factors of (4/a)/(5/(-1275)).
5, 17
Suppose -7*a - 45 = -2*a. Let v(m) = -m**3 - 8*m**2 + 2*m + 10. What are the prime factors of v(a)?
73
Let l(h) = h**2 + 2*h - 4. Let a be l(-6). Let n = a + -17. Suppose 0 = n*u - c - 22, -2*u - 3*c + 28 = -c. List the prime factors of u.
3
Let g(z) = 11*z - 2. Let o be 0*4/8 - -1. Let u be (-4)/(-1)*o/4. What are the prime factors of g(u)?
3
Let w(s) = 2*s + 35. Let i be w(-16). Suppose q - 168 - 169 = -i*r, 5*q + 253 = 2*r. List the prime factors of r.
2, 3, 19
Let s(y) = 118*y + 325. List the prime factors of s(4).
797
Suppose -16*u - 287 = -17*u. What are the prime factors of u?
7, 41
Let a(l) = 75*l**3 + 2*l**2 - 3*l - 3. What are the prime factors of a(2)?
599
Let i(d) = 74 - 16*d**2 + 17*d**2 + 141 - 4*d. List the prime factors of i(0).
5, 43
Let l(q) = -91*q**3 - 30*q**2 - 95*q + 5. What are the prime factors of l(-3)?
2477
Let k(f) = 11*f**2 - 94*f + 12. What are the prime factors of k(-13)?
3, 1031
Suppose 3*z = -5*x + z + 1175, 3*z + 252 = x. What are the prime factors of x?
3, 79
Let l be 8/(40/(-15)) - -118. Let v = 230 - l. What are the prime factors of v?
5, 23
Let s(r) = r - 50. Let x be s(0). Let o = x - -90. What are the prime factors of o?
2, 5
What are the prime factors of -6 + 7/((-21)/(-11085))?
7, 17, 31
Let w(u) = 77*u**3 - 5*u**2 + 11*u - 14. What are the prime factors of w(2)?
2, 151
Let t = 3124 + -648. What are the prime factors of t?
2, 619
Let a = 1973 - 1076. What are the prime factors of a?
3, 13, 23
Suppose 